 the remainder when o is divided by 17.
16
Let g = -36 - -99. Calculate the remainder when g is divided by 13.
11
Suppose -45*b = -38*b - 119. Calculate the remainder when 118 is divided by b.
16
Let g(a) = 7*a + 8 - 9*a**2 - 13 - 8 - a**3. Calculate the remainder when g(-10) is divided by 9.
8
Let q be (-6)/(-15) - (-76)/10. Let a(n) = n**3 - 8*n**2 + 4*n + 6. Calculate the remainder when 111 is divided by a(q).
35
Let m(r) = -r**3 + 6*r**2 - 3*r. Suppose 20 = 4*o + o. Let z be 3*o*(-2)/(-12). Calculate the remainder when m(z) is divided by 6.
4
Let m(k) = k. Let p be m(2). Suppose -i - p = -6. What is the remainder when 6 is divided by 2 + (3 - i)*-2?
2
Suppose -3*n - 5 = 4. What is the remainder when 9 is divided by 1 - 3 - 21/n?
4
Suppose 4*j = -7 + 239. Calculate the remainder when j is divided by 16.
10
Calculate the remainder when 9/((-180)/(-8)) + (-128)/(-5) is divided by 14.
12
Suppose -3*p + 5*l = -95, p - 121 = -4*p - l. What is the remainder when p is divided by 13?
12
Suppose -3*r - 2*r + 235 = 0. Calculate the remainder when r is divided by 16.
15
Let y be (6/(-4))/(6/(-4)). Calculate the remainder when 20 is divided by 0 + (12 - y - 0).
9
Let q be (4/1)/2 - 2. Suppose q*z = z - 12. Let m = -30 + 53. What is the remainder when m is divided by z?
11
Suppose 4*a + 27 - 7 = 0, -4*a = -2*c + 90. Calculate the remainder when c is divided by 18.
17
Suppose 3*j - 23 = -2*o, j + 29 = 4*j - o. Calculate the remainder when j is divided by 4/8 + (-9)/(-2).
4
Let m = 45 - -59. Calculate the remainder when m is divided by 28.
20
Let n(r) = r + 6. Let f be n(-5). Let v be (3/(-3))/(f/(-9)). What is the remainder when (228/v)/((-6)/(-9)) is divided by 20?
18
Suppose -2*n + 20 = -2*f - f, 0 = -3*f - 6. Calculate the remainder when n is divided by 1*(2/(-1) + 4 + 2).
3
Suppose -54 = -0*o - 3*o. Let u(h) = -35*h - 1. What is the remainder when u(-2) is divided by o?
15
Suppose -2*d = 2*c - 28, -6*d = -d + 4*c - 68. Calculate the remainder when 34 is divided by d.
10
Let j(a) = -a**3 + 8*a**2 + 2*a - 1. What is the remainder when 74 is divided by j(8)?
14
Suppose 5*n + 10 = 5*g, -4*n + 3*g = 2*g - 7. Suppose 2*z + 8 = n*z. Calculate the remainder when 23 is divided by z.
7
Let c be 4/(-8) + 2/4. What is the remainder when 2 is divided by 3/9*c + 2?
0
Let o(b) = -b**3 - 7*b**2 + 2*b - 7. Let g be o(-7). Let u(m) = -45*m - 1. Let j be u(1). Let c = g - j. Calculate the remainder when c is divided by 13.
12
Let o = -13 + 4. Let y = 17 + o. Calculate the remainder when 14 is divided by y.
6
Let r = -8 + 11. Suppose r*l = -124 - 65. Let f = -33 - l. What is the remainder when f is divided by 16?
14
Let r = 39 - 20. Calculate the remainder when 70 is divided by r.
13
Calculate the remainder when 36 is divided by -1*(2 - -13)*-1.
6
Suppose 0*z - 184 = 4*z. Let x = z - -85. Suppose -2*w = -5*u - 37, 3*u + x = 4*w - 14. Calculate the remainder when 21 is divided by w.
10
Let g(x) = x + 0*x**2 + x**2 + 6 - 2*x + 14. Calculate the remainder when 77 is divided by g(0).
17
Let t(p) = p**3 + 2*p**2 - 6*p + 3. Calculate the remainder when t(2) is divided by 2.
1
Let h be (-4 + 2 - 0) + -3. Let s be (-4)/(-10) + (-23)/h. What is the remainder when 18 is divided by 4/(-20) + 51/s?
8
Let q(m) be the third derivative of m**4/12 - 5*m**3/6 - 2*m**2. What is the remainder when 41 is divided by q(8)?
8
Let p = -154 + 166. Calculate the remainder when 32 is divided by p.
8
Let a = 28 - 20. Suppose p = -3*p + a. What is the remainder when p is divided by 2?
0
Suppose j = -7*p + 2*p + 47, 0 = 4*p - 5*j - 55. Let g = 6 + 6. What is the remainder when (-10 - 1)*(p - 12) is divided by g?
10
Let c(q) be the first derivative of q**3/3 + q**2/2 - 4*q - 3. Calculate the remainder when c(-5) is divided by 9.
7
Let d = 8 + -5. Suppose 8 = f - 3*i, 32 = 4*f - 0*i - 2*i. Calculate the remainder when f is divided by d.
2
Let b(p) = -p + 3. Let k(m) = -3*m - 4. Suppose -2*c = -0*c + 4. What is the remainder when b(-3) is divided by k(c)?
0
Suppose 3 + 5 = 2*n. What is the remainder when 21 is divided by (2/n)/(8/192)?
9
Let w = 47 - 42. What is the remainder when w is divided by 2?
1
Calculate the remainder when (15/(-6))/(2/(-12)) is divided by 10.
5
Suppose 3*u + 5 = -4. Let s = u + 22. What is the remainder when s is divided by 7?
5
Let p(d) = d**3 - 4*d**2 - 9*d + 7. Let x = 37 - 24. What is the remainder when p(6) is divided by x?
12
Let f(c) = 9*c + 2. Let n(g) = g**2 - g + 1. Let a be n(2). Calculate the remainder when f(a) is divided by 10.
9
Suppose 349 = 5*g + 3*y, 0 = -2*g - 4*y - y + 151. Suppose 2*l - 4*l + 4*q + 148 = 0, -l + 5*q + g = 0. Calculate the remainder when l is divided by 20.
18
Suppose 3*v - 4*k - 86 - 35 = 0, -2*v = 5*k - 50. Calculate the remainder when 244 is divided by v.
34
Let u be (-1)/(1 - (-8)/(-7)). Let c = -4 + u. Suppose -2*z = 3*z - 25. What is the remainder when z is divided by c?
2
Let u(h) = 5*h**2 + 3*h - 3. Let i = 5 - 6. Let v = i + 9. What is the remainder when u(2) is divided by v?
7
Let v be 46/(-11) - 6/(-33). Let y = 2 + v. What is the remainder when 25 is divided by (5 + y)*(-1 + 4)?
7
Let m = -31 + 38. What is the remainder when m is divided by 4?
3
Let p = 5 + 29. What is the remainder when 65 is divided by p?
31
Let c = 10 + -5. Suppose c*f = 55 + 30. What is the remainder when 50 is divided by f?
16
Suppose 5*z = 62 - 7. Suppose 0 = -y + 3, 3*a + y - 142 + 10 = 0. What is the remainder when a is divided by z?
10
Suppose 0 = -4*g + 7 + 1. Suppose g*b - 40 = 18. What is the remainder when 113 is divided by b?
26
Let o(c) be the third derivative of c**5/60 + c**4/3 - c**3/3 + 8*c**2. What is the remainder when 53 is divided by o(-10)?
17
Suppose 2*i - 1 = 5. Suppose x + 18 = i*x. Calculate the remainder when 34 is divided by x.
7
Suppose -6*y = -63 + 9. Let r = -38 + 53. What is the remainder when r is divided by y?
6
Let z = -42 - -24. Let g be 1 - (-1 + -2 - -25). Calculate the remainder when 15 is divided by (z/g)/((-3)/(-21)).
3
Suppose 0*q + 4 = -q. Let p = 10 - 7. Calculate the remainder when p is divided by ((-4)/(-3))/(q/(-6)).
1
Let w(l) = -l**3 + 9*l**2 - 8*l + 25. Calculate the remainder when w(8) is divided by 7.
4
Let u(m) be the second derivative of -m**3 + 19*m. Let j = 3 - 5. Calculate the remainder when 22 is divided by u(j).
10
Suppose -91 + 621 = 5*u. Let y = u - 72. What is the remainder when y is divided by 12?
10
Suppose -91 = -2*z + 133. Calculate the remainder when z is divided by 23.
20
Let h = -60 + 62. What is the remainder when 3 is divided by h?
1
Let l(a) = 11*a - 7. What is the remainder when l(2) is divided by 9?
6
Let f(u) = -u**3 + 10*u**2 + 3*u + 4. Calculate the remainder when f(10) is divided by -6*1*-2*1.
10
Suppose 4*l - 6*l + 20 = 0. Calculate the remainder when 37 is divided by l.
7
Let q = -12 + 20. What is the remainder when (-2 - -1)*22/(-1) is divided by q?
6
Calculate the remainder when -9 + 9 + (-22)/(-1) is divided by 6.
4
Let r = 19 + -3. Let z = 13 + -3. Suppose f - 4*o = -z, 4 = o - 0*o. Calculate the remainder when r is divided by f.
4
Suppose 0 = -y + 27 - 1. Let i = -17 + 31. What is the remainder when y is divided by i?
12
Let v = 7 + -4. Suppose 4*x - 73 = -v*j, 0*j + 60 = 3*x + 4*j. Let y(h) = h**3 - h. What is the remainder when x is divided by y(2)?
4
Let a(j) = -j + 3. Let w be a(-2). Calculate the remainder when -6 + w - 5*-11 is divided by 19.
16
Let p(x) be the third derivative of -5*x**4/24 + x**3/3 + 2*x**2. What is the remainder when p(-2) is divided by 7?
5
Let v(j) = j**2 - 3*j + j + 0*j**2 - 2. Suppose -5*b - 2*f + 22 = 0, f + 2 = -2. What is the remainder when 65 is divided by v(b)?
21
Let n = 144 - 113. Calculate the remainder when n is divided by 17.
14
Let v(y) = -2*y**3 + 10*y**2 + 5*y + 4. What is the remainder when v(5) is divided by 16?
13
Let a(g) = -7*g - 8. Suppose 4*t - 4*l - 268 = 0, -2*t - l - l + 138 = 0. Suppose 2 = 5*i - t. Calculate the remainder when a(-7) is divided by i.
13
Suppose -6 + 16 = 5*w. Let h be 9/(-9) + 0/1. Let g = h + 7. Calculate the remainder when g is divided by w.
0
Let l be (-1)/2 + (-51)/6. Let y(w) = -w**2 - 10*w - 8. Let v be y(l). Suppose -p + v = -19. What is the remainder when p is divided by 11?
9
Suppose -10*b - 12